uppose 2*j + 0*r = -r - 11, -4*r - 4 = 0. Let b = j + 12. Calculate the remainder when v(b) is divided by 6.
5
Let l be 4/(-18) - (-58)/18. Let t(v) = -3*v - 3 + v**2 + l*v - v. Calculate the remainder when t(3) is divided by 2.
1
Let b = 5 - -1. Let j(c) = -c**3 + c**2 + c + 10. What is the remainder when b/(-33) - 400/(-22) is divided by j(0)?
8
Suppose 0 = -5*j + 4*k + 366, 5*j + 5*k = 147 + 183. Calculate the remainder when j is divided by 12.
10
Let r = 260 + 150. Calculate the remainder when r is divided by 59.
56
Suppose j + 0 - 3 = 0. Let r(k) = -k**3 + 4*k**2 - 3*k + 3. What is the remainder when r(j) is divided by 3?
0
Let s be 11*1 + -2 + 1. Let q be 10/2*4/s. Suppose a + 4*l = -0*a + 62, -l + 103 = q*a. Calculate the remainder when a is divided by 17.
16
Let g = -21 + 25. Suppose -2*x = 3*x, 44 = g*w - 5*x. What is the remainder when 63 is divided by w?
8
Let w(d) = -d**3 - 7*d**2 - 3*d**2 - 11 - 2*d + 2*d**2 - 3*d**2. What is the remainder when 32 is divided by w(-11)?
10
Let v = -2 - -15. Suppose 102 = 2*h - 0*h. Calculate the remainder when h is divided by v.
12
What is the remainder when ((-388)/(-10))/((-3)/(-90)*3) is divided by 39?
37
Let z(n) = -2*n**3 - 2*n**2 + 3*n + 3. Let b = -2 + 6. Suppose -m + 4 = -3*c, -b*c - 2 = -3*m - 0. Calculate the remainder when 9 is divided by z(m).
4
Let g be (32/10)/((-1)/(-5)). Suppose -2*h = 2*h - g. Suppose 0*i - h*k = -i + 35, 2*i + 2*k = 20. Calculate the remainder when 28 is divided by i.
13
Let g be -1 - (-11 - (1 + -2)). Suppose o - x - g = 0, -5*x + 2 = -3*o + 33. Calculate the remainder when o is divided by 3.
1
Let u(o) = -16*o + 1. Calculate the remainder when u(-3) is divided by 13.
10
Let x = 226 + -224. What is the remainder when x is divided by -2*1/(-3 - -2)?
0
Let j be -1 + 4 + (-1 - 12). Let h = 7 - j. Calculate the remainder when 66 is divided by h.
15
Let o = -14 - -18. Suppose o*b = 10*b - 42. Calculate the remainder when 25 is divided by b.
4
Suppose -y + 16 = 2*j, -5*y - j = 2*j - 87. Calculate the remainder when 88 is divided by y.
16
Suppose 3*h + 4*d = -0*h + 34, -4*h = 2*d - 52. What is the remainder when 165 is divided by h?
11
Suppose -2*f + 3 = 15. Let a be 16/6 + f/9. Let c = 13 - a. What is the remainder when 32 is divided by c?
10
Suppose q = 4*a - q - 78, -69 = -4*a + 5*q. What is the remainder when a is divided by (-12)/(-2) + 5 + 0?
10
Let a = -23 + 24. Let h(z) be the third derivative of z**4/24 + 7*z**3/6 + z**2. What is the remainder when h(-6) is divided by a?
0
Let k be (2 - 4/(-2)) + 1. Suppose 3*x + 301 = k*m, 0 = -4*m + m - x + 189. What is the remainder when m is divided by 13?
10
Suppose 0 = v - 6*v - 90. What is the remainder when 3/(v/10 - -2) is divided by 9?
6
Suppose 5*k = 3*m + 27, 4*m = -m + 5. Let u = 42 + -18. Calculate the remainder when 414/12*8/k is divided by u.
22
Let z(i) = 14*i - 101. Calculate the remainder when 124 is divided by z(9).
24
Suppose -2*n - 30 = -7*n. Suppose -w - 1 = -n. Suppose 0 = -j + w*f + 10, 5*j - 68 = -4*f + 69. Calculate the remainder when j is divided by 9.
7
Let p(d) = -d**2 + 8*d + 1. Let f be p(5). Let t = -6 + f. Let w(n) = -6*n**3 - 2*n**2 - 2. Calculate the remainder when w(-2) is divided by t.
8
Suppose -l + 1 + 1 = 0. Suppose 0 = -6*g + l*g - 12. Let u = 13 + g. Calculate the remainder when 18 is divided by u.
8
Let b(j) = -9*j - 1. Let w = 13 - 4. Calculate the remainder when b(-2) is divided by w.
8
Let i be 138/(-9) + 4/(-6). Let s = 38 + i. Let z = s - 0. What is the remainder when z is divided by 8?
6
Let n = -11 + 9. What is the remainder when 23 is divided by 5 + 4 - (-6)/n?
5
Let y(n) = n**3 + 6*n**2 + 4*n + 5. Let t(x) = -2*x + 4*x**2 - 2 - 1 - 5*x**2 - 4*x**3. What is the remainder when t(-2) is divided by y(-5)?
9
Let k(y) = -4*y**2 - 7*y - 10. Let h be k(-3). Let t = 48 + h. Calculate the remainder when 113 is divided by t.
21
Let q(a) = 5*a. Calculate the remainder when ((-68)/6)/(2/(-3)) is divided by q(2).
7
Let q = -16 - -26. Let r(x) = -x**3 - 5*x**2 - 2*x - 7. Let n be r(-5). Suppose 11 = 2*z + n. Calculate the remainder when q is divided by z.
2
Suppose -6*p + 78 = 24. Calculate the remainder when p is divided by 3.
0
Let i(q) = 2*q**2 - 5. Let o be i(-5). Let s = 2 + o. Calculate the remainder when s is divided by 16.
15
Suppose 4*w - 25 = 15. Suppose p + 3*p = y + w, -4*y + 2*p - 12 = 0. What is the remainder when 28 is divided by ((2 - 6) + -1)*y?
8
Let c = -4 + 3. Let a = c + 6. Calculate the remainder when a is divided by (-7 + 3/1)/(0 + -2).
1
Let n(i) = i**2 - 7*i + 1. Suppose 4*x = 4*k + 36, 4*x = 2*x - 4*k. Calculate the remainder when -39*(-5)/(45/x) is divided by n(8).
8
Let l(d) = -d**3 - 6*d**2 - d + 7. Let b = 9 + -13. What is the remainder when 75/(-6)*(b - -2) is divided by l(-6)?
12
Suppose 0 = -7*o + 10*o - 75. Suppose 0 = -d + 3 + 2. Suppose 3*b = d*k - 85, -2*k + 3*b = 2*k - 71. What is the remainder when o is divided by k?
11
Let s(v) = v - 17. Let j be s(13). Let g(p) = p**2 + 3*p + 6. What is the remainder when -1*47/4*j is divided by g(-5)?
15
Let h(s) = -s**3 - 2*s**2 - 3*s - 1. Calculate the remainder when 49 is divided by h(-3).
15
Let s be 12/(-36)*7*3. What is the remainder when 13 is divided by (s/5)/((-3)/15)?
6
Suppose -24 = -5*t - y, 4*t - 5*y - 20 = t. Calculate the remainder when 293/t - 2/(-5) is divided by 20 - 0 - 0/1.
19
Suppose -d + w = -2*w - 9, -5*w - 23 = -2*d. Calculate the remainder when 91 is divided by (-410)/(-18) - d/(-108).
22
Let z be 0/(3 - 1 - 0). Suppose 3*x + 3 + 3 = z. What is the remainder when 32 is divided by 2 - 0 - (x + -13)?
15
Let q = -2 - -2. Suppose q = -4*u - 1 + 57. Suppose 0 = -5*h + 94 + 106. What is the remainder when h is divided by u?
12
Suppose 0*y - 2*y + 10 = 0. Suppose -y*w - 15 = -6*w. Calculate the remainder when 43 is divided by w.
13
Let g(y) be the second derivative of -y**5/20 + 7*y**4/12 - 5*y**3/6 + y**2 - 4*y. Let q = 37 - 6. What is the remainder when q is divided by g(6)?
7
Let s = -87 - -94. Calculate the remainder when 26 is divided by s.
5
Let j = -71 + 100. What is the remainder when j is divided by 15?
14
Let d = 87 - 22. What is the remainder when d is divided by 23?
19
Suppose c + 5*y - 3 + 0 = 0, 46 = 2*c + 2*y. What is the remainder when 79 is divided by c?
23
Let i(x) = -4*x - 6. What is the remainder when 6 is divided by i(-2)?
0
Let q be 4/(-4)*(-2 - 1). Calculate the remainder when 0 - (q + -1) - -13 is divided by 4.
3
Suppose -c = -4*c + 105. What is the remainder when c is divided by 18?
17
Suppose 2*i + 2*f - 26 = -2*i, 0 = -i - f + 9. Suppose 4*n - 5*n = -i. Suppose n = -4*z, y - 25 = -y + 3*z. What is the remainder when 32 is divided by y?
10
Suppose 19 - 178 = -3*w. Calculate the remainder when w is divided by 19.
15
Suppose -546 = -2*d - 0*d. Suppose -65 = -z + 2*p, 3*p - 6*p + d = 5*z. Calculate the remainder when z is divided by 15.
12
Let c(l) = -4*l + 9. Let g(t) = 5*t - 10. Let x(p) = 6*c(p) + 5*g(p). What is the remainder when 16 is divided by x(5)?
7
Let h = -10 - -31. What is the remainder when h is divided by 8?
5
Suppose 2*h - 15 = -c, -c + 11*h - 13 = 6*h. What is the remainder when 9 is divided by c?
2
Suppose -4*x = -5*t - 54, -x - 2*t + 17 = -5*t. Calculate the remainder when 32 is divided by x.
10
Let y(t) = 3*t**2 - 6*t + 3. Let s be y(4). Suppose 16 = -3*u + 6*u + 4*g, -u + 3*g = -s. What is the remainder when 35 is divided by u?
11
Let v(h) = 5*h**3 + 2*h**2 + 2*h - 3. Calculate the remainder when 96 is divided by v(2).
47
Suppose -63*g + 339 = -291. Let z(h) = h**2 + h - 3. Let m be z(-3). Calculate the remainder when g is divided by (-2)/((-2)/m) - -1.
2
Let x(b) = -b**3 + 8*b**2 - 7*b - 4. Let y be (-3)/6*(-1 + 1). Suppose y = -0*q - q + 14. Calculate the remainder when x(6) is divided by q.
12
Let g(i) = 6*i**2 - 2 + 3 - 5*i**2 + 3*i**2. What is the remainder when g(-1) is divided by 2?
1
What is the remainder when 4/(-6)*(-11 - 130) is divided by 24?
22
Let g be (-5 + 9)*(-4)/1. Let p = g - -28. Let k = p + -2. Calculate the remainder when 28 is divided by k.
8
Let f be -2*(-1)/2*11. Suppose -2*a - 78 = -5*b, 2*b = -a + 22 + f. What is the remainder when 30 is divided by b?
14
Let o(a) = -29*a + 1. Let g be o(-1). Suppose 4*m - m = g. Calculate t